e 8 = -c*s + 28*s. Let h = 5 + s. Calculate the greatest common divisor of 45 and h.
9
Suppose 11334 = 3*t - z + 3810, t - z - 2510 = 0. Calculate the highest common divisor of 218 and t.
109
Let m(g) = -62*g - 1051. Let r be m(-41). Calculate the highest common divisor of r and 105.
21
Let q(x) = -1315*x + 1025. Let t be q(-5). Calculate the highest common divisor of 160 and t.
80
Let r be (0 + -2)*-2 + (-35168)/(-4). What is the greatest common factor of r and 24?
12
Let i(g) = -53*g - 4. Let d = 180 + -182. Let u be i(d). Suppose -2*h - 4*v + 128 = 0, 3*h - 206 = -2*v + 3*v. What is the greatest common factor of h and u?
34
Let h(n) = n**2 - 10*n - 17. Let t be h(12). Suppose k + 22 = -5*o, 2*o + 3 = -t. Suppose 6*j = k*j + 150. Calculate the highest common divisor of j and 20.
10
Let l be (-3)/(-6)*-6 - (-5 - -2). Suppose 2*z - 3*z + n - 1 = l, 4 = n. What is the greatest common divisor of z and 6?
3
Suppose 9*j = -10*j - 6*j + 4400. What is the highest common divisor of 8272 and j?
176
Let a = 48 - 70. Let n = 9 - a. Suppose 0 = -3*f - 5*l + 847, -f - 5*l = -2*l - 285. What is the greatest common divisor of f and n?
31
Suppose -17*d - 8658 = -128*d. What is the greatest common factor of d and 1040?
26
Let i(t) = -t**3 + t + t - 8*t**3 + t**3. Let b be i(2). Let d be (-1)/(3*2/b). Calculate the highest common divisor of 90 and d.
10
Suppose -4*a + 7*r + 14 = 5*r, -20 = -5*a + 5*r. What is the greatest common factor of a and 48?
3
Let r(i) = -i**3 + 18*i**2 + 21*i + 6. Let u be r(19). Let k = u + -12. Suppose 5*y - k - 138 = 0. What is the greatest common factor of y and 170?
34
Let u(y) = -3*y - 9. Let q = -36 + 28. Let g be u(q). Let t = g - 0. What is the greatest common divisor of t and 45?
15
Let b(t) = -5*t + 539. Let x be b(49). What is the highest common factor of x and 2450?
98
Suppose 3*r + 259 = i, 2*r = -4*i - 104 - 50. Let y = r + 88. What is the greatest common factor of y and 2?
1
Let t = -1 - -3. Suppose 5*z = -5*k + 100, -4*z + 95 - 9 = -t*k. Let f = -366 + 369. Calculate the greatest common factor of z and f.
3
Let q(x) = -x**3 + 4*x**2 - 7*x + 7. Suppose 0 = -h - 0*h, 4*g - 8 = -h. Let j be q(g). Calculate the greatest common divisor of 19 and j.
1
Suppose 23*t + 304 = 27*t - 4*z, -2*z - 230 = -3*t. What is the highest common divisor of t and 338?
26
Let u(g) = -11*g + 408. Let n be u(34). Suppose 4*p + 4*q = 3*p + 276, 1356 = 5*p - 4*q. What is the greatest common factor of n and p?
34
Let p be (-195)/(-4) + (-22)/((-704)/(-24)). Let g(b) = 2*b**3 + 17*b**2 + 9*b + 11. Let z be g(-8). Calculate the greatest common factor of p and z.
3
Suppose -262*x + 267*x - 80 = 0. Let w(l) = 81*l**2 - l - 12. Let m be w(4). Suppose 5*a + 3*a - m = 0. What is the highest common divisor of x and a?
16
Let m = -8943 - -8975. Let h(c) = 12*c**3 + 2*c**2 + c - 4. Let v be h(4). Calculate the greatest common divisor of m and v.
32
Let u be 13988/(-9684) + 22/9. Let m be 117/4 + 2/(-8). What is the greatest common divisor of u and m?
1
Suppose -1492 = -25*q + 383. Let d be 3750/q + 2*2. Calculate the greatest common factor of 90 and d.
18
Suppose 116*n - 153*n = 184*n - 65416. Calculate the greatest common factor of 8 and n.
8
Let h be (3/((-9)/(-240)))/((-7)/(-14)). Suppose 5*m - 3*m - 3*u - h = 0, -4*u - 320 = -4*m. What is the greatest common factor of m and 16?
16
Suppose -23*o + 245 = 111 - 188. Let v be 114/8 - 1/4. What is the greatest common divisor of v and o?
14
Suppose -4*s + 84 = 4*l + 20, 4*s - 20 = 0. Suppose -l*b = 5*b - 1408. Calculate the highest common divisor of 55 and b.
11
Suppose -36 = -2*h - 182. Let c = h - -73. Suppose c*q + 2*i = -3*q + 82, -10 = -2*i. What is the greatest common factor of 60 and q?
12
Suppose 4*d - 154 = 3*u, 5*u - 51 - 119 = -4*d. Suppose -684 = -42*t + d*t. What is the highest common divisor of 18 and t?
18
Let p be 15/6*(96/10)/4. Suppose p*r - 141 = 39. What is the highest common divisor of 120 and r?
30
Let h be (-21)/98 + 119252/392. What is the greatest common divisor of 1748 and h?
76
Suppose 5*m = -7 - 13, 5*m + 74 = 3*f. Suppose -5*d = f*d - 92. What is the greatest common divisor of 28 and d?
4
Let s be ((-12)/18)/((-8)/(-12)). Let y(t) = -59*t - 14. Let o be y(s). Calculate the greatest common factor of o and 495.
45
Let w be 3/4 - 2*6/(-48). Let g(j) = j**2 - j. Let p be g(w). Suppose p = 4*k - 36 - 64. Calculate the highest common factor of 50 and k.
25
Suppose 7*u + 231 = -238. Let m = 82 + u. Let k be (-1 - (-65)/m)*6/2. Calculate the highest common factor of k and 50.
10
Let z be 60/33 + -2 + 4/22. Suppose z = -15*u + 9*u + 138. Suppose m = 2*m - 1, -u = -3*t - 5*m. What is the highest common divisor of 18 and t?
6
Let z(s) = 80*s**2 + 174*s + 4. Let n be z(-10). Calculate the greatest common factor of 24 and n.
24
Suppose -928 = -53*j + 37*j. Let x(a) = -a**3 + 2*a**2 - a + 29. Let v be x(0). Calculate the greatest common factor of v and j.
29
Let m be (-38)/2*(-24)/(-8 + 4). Let r = m - -115. Calculate the highest common divisor of r and 23.
1
Suppose -1217*j + 1242*j = 2550. What is the greatest common divisor of 23766 and j?
102
Let w(i) = i + 17. Let u be w(0). Let y = u + -1. Let c(k) = 200*k - 1272. Let s be c(7). Calculate the highest common factor of y and s.
16
Let p be 18 - (-21)/(-28)*12. Let u = -20 + 56. What is the greatest common factor of u and p?
9
Suppose 9*t = 2*t + 980. Let g(r) = r**2 + r - 14. Suppose 24 = 8*z - 4*z. Let v be g(z). What is the highest common factor of t and v?
28
Suppose -d + 628 = 2*l, -11*d - 3*l + 5067 = -1860. Calculate the highest common factor of 1008 and d.
126
Let a(g) = 3 + 21*g + 12 + 23*g - 18*g. Let u be a(3). Let j = 177 - u. Calculate the greatest common divisor of j and 12.
12
Suppose -4 = 5*y + 2*l - 3*l, 3*l = 12. Suppose y = 10*n - 7*n - 27. Suppose n*j = j + 32. What is the highest common factor of j and 4?
4
Suppose 7*q - 2*q = -4*m - 1965, -510 = m - 5*q. Let h = -493 - m. What is the greatest common divisor of h and 80?
2
Suppose 0 = -8*t - 57 - 23. Let s be 6/t + (-276)/(-60). Suppose s*d = 23 + 1. What is the highest common factor of 2 and d?
2
Suppose 27*z - 360 = -490 + 12226. What is the highest common divisor of z and 2828?
28
Let x(g) = 8*g**3 - 10*g**2 + 47*g - 541. Let b be x(10). Calculate the greatest common factor of b and 507.
169
Suppose 0 = -4*l + 47 - 35. Suppose -l*v + 1 = 7. Let f be v + 1 - 153/(-3). Calculate the highest common divisor of 75 and f.
25
Let y be ((-7)/14)/((-2 - 1)/36). Let l(b) = 153*b - 174. Let c be l(2). Calculate the greatest common divisor of c and y.
6
Let l = 1384 - 1258. Calculate the highest common factor of l and 2898.
126
Let b(j) = -2*j + 9. Suppose -t = 4*t - 20. Suppose 3*c - r = c - 35, t*c + 2*r = -74. Let l be b(c). Calculate the highest common divisor of l and 9.
9
Suppose 45 + 27 = 3*m. Let g be 3162 - 2484 - (-1 + 43). What is the greatest common factor of g and m?
12
Suppose 23*o = 22*o + 10. Let v(u) = 24*u - 232. Let j be v(o). What is the greatest common divisor of 56 and j?
8
Let h(o) = o**3 - 20*o**2 - 68*o + 12. Let l be h(23). Suppose -2*x - 9 = 5. Let c = l - x. Calculate the highest common divisor of 14 and c.
14
Let x = -1394 + 2519. Calculate the highest common factor of 18 and x.
9
Let k be 252/(-24)*(40/(-15) - -2) + 191. Calculate the greatest common factor of k and 684.
18
Let g = -13 - -73. Suppose -204 = -4*z + 4*f, z = -27*f + 32*f + 63. What is the greatest common divisor of z and g?
12
Let d be 330 + ((-32)/(-28))/((-8)/56). What is the greatest common divisor of 112 and d?
14
Suppose -4*l = -0*l - 2040. Suppose -16*c = -21*c + l. What is the greatest common divisor of 34 and c?
34
Suppose -5*h + 88 = u - 43, 4*u = 3*h - 74. What is the greatest common factor of h and 351?
13
Let w(i) = -i**2 - 11*i + 64. Let p be w(-15). Let o be p/(16/(-12)) + -2. Let m be 2/((o/(-70))/1). Calculate the highest common divisor of 196 and m.
28
Let g be 153/34*(332/12 - -1). What is the highest common factor of g and 3397?
43
Let s = -5 + 21. Suppose 5*u - 48 = 2*z, -5*u + 7*z = 9*z - 32. Suppose u*y = -2*y + 80. Calculate the greatest common factor of s and y.
8
Let u = -4 - -7. Let c be (u/(-6))/((-2)/8). Suppose 8*d = 7*d - 3*r + 4, 4*r = -16. Calculate 